Let c be 0 + (2 - -19) - 4. Suppose 3*t = -z + 485 - c, b = t + 4*z. What is the tens digit of t?
5
Let s(j) = -j**3 - 19*j**2 - j + 40. Let m be s(-17). Let v = m + 271. What is the hundreds digit of v*(2/(-4) + 0)?
1
Let s(y) = -5*y**3. Let r be s(-1). Let p be 2/r*5 + 2. Suppose 300 = 3*c - 2*n, -4*n - 103 = -p*c + 301. What is the units digit of c?
8
Let b(t) = -13*t - 253. Suppose 90 = 9*w + 405. What is the units digit of b(w)?
2
Let l(c) = c + 2*c + 6*c - 9*c**2 - 8*c - 2*c**3 + 1. Let a be l(-7). Suppose -18*p + a = -283. What is the tens digit of p?
2
Suppose 146 = 3*x + 23. Suppose -39 = 3*p + o, 4*p + 4*o + x = -o. What is the tens digit of ((-180)/14)/(2/p)?
9
Let a(v) = 29*v - 119 + 215 + 2*v**2 + 0*v**2 - 109. What is the units digit of a(-23)?
8
Let d(t) = -4 - 37 - 4 + 42*t + 6. What is the hundreds digit of d(8)?
2
Let f(w) = 3*w**2 - 164*w - 46. Let z(a) = -a**2 + a - 2. Let u(x) = -f(x) + z(x). What is the units digit of u(37)?
3
Suppose 341 = 2*o + 27. Let q = 456 - o. What is the hundreds digit of q?
2
Suppose 63374 + 420055 = 74*c - 23*c. What is the units digit of c?
9
Let o(r) = 17*r - 2. Let y be o(1). Let i be ((-27)/(-45))/((-1)/y). What is the tens digit of 108 + ((-24)/36)/((-2)/i)?
0
Let s(d) = d**2 + 2*d - 2. Let f be s(-4). Let i = -4509 - -7844. What is the units digit of i/35 + f/(-21)?
5
Let m = -56 - -54. Let s = -6 + m. What is the tens digit of 1308/15 - s/10?
8
Let l = 19070 + -10247. What is the tens digit of l?
2
Let k(y) = -4*y**2 - 3*y - 1. Suppose -2*b - 3*z - 3 = 0, 5*b - 3 = -4*z - 0*z. Let w be k(b). What is the units digit of (5*-3)/(-5) - w?
9
Let m = 26538 - 17508. What is the hundreds digit of m?
0
Suppose 0 = -r + 3*s + 2996, 2*s - 6040 = 223*r - 225*r. What is the tens digit of r?
1
Let x be 38/9 + 5 + (-188)/36. Suppose 0 = -5*v + 20, 2*v - 988 = -x*q + 2132. What is the tens digit of q?
7
Suppose 21*d - 55833 = 69056 + 34921. What is the hundreds digit of d?
6
Let g(k) = 2*k**3 + 160 + 55*k**2 - 305 + 62*k + 173. What is the units digit of g(-25)?
3
Let c be (-2 - 24/(-18))/(1/(-6)). Suppose -c = -d, -4*d + 0*d = 5*i - 3386. What is the units digit of i?
4
Let d = -3176 + 30471. What is the units digit of d?
5
Let c be (2/8)/((-11)/(-1100)). Suppose c*j - 4486 = 2064. What is the units digit of j?
2
Suppose -17410 + 50 = -j + 27751. What is the tens digit of j?
1
Suppose 7*y + 15*y - 4290 = 0. Let v = y + -35. What is the units digit of v?
0
Let l = -60 - -92. Suppose -6 - 8 = y + i, -2*i + l = -4*y. What is the tens digit of (y/(-3))/((-4)/(-18))?
1
Suppose 54*n - 805598 - 466102 = 0. What is the units digit of n?
0
Let s be ((-263 + 0 + 0)/(-1))/1. Let y = s - -576. What is the hundreds digit of y?
8
Suppose 0 = -45*c + 43*c. Let f = 15 + c. Let r = -11 + f. What is the units digit of r?
4
Let q(t) = -5*t + 56. Let z be q(0). Let h(c) = 62*c + 9 + 4*c**2 - 3*c**2 - z*c. What is the tens digit of h(5)?
6
Let u(r) = 5*r**3 + 33*r**2 - 36*r + 82. Let i(c) = -12*c**3 - 67*c**2 + 73*c - 163. Let a(j) = -3*i(j) - 7*u(j). What is the tens digit of a(30)?
0
Let r(x) = -107*x**2 + 2*x + 1. Let y be r(-1). Let k = y - -16. Let a = k + 152. What is the units digit of a?
0
Let u(t) be the second derivative of -t**4/12 - 5*t**3/3 - 17*t**2/2 + 9*t. Let y be u(-7). Suppose -r + y*k = -112, k = 2*k + 4. What is the tens digit of r?
9
Let x = -151 - -84. Let q = x + 72. Suppose q*b = -10 + 170. What is the units digit of b?
2
Let j be 1*(1 + 14)/(-3). Let b be 6/(-4 - 775/(-190)). What is the units digit of 2*j/45 + b/18?
4
Let d = -8742 + 12706. What is the tens digit of d?
6
Let t(i) = 59*i + 272. What is the tens digit of t(87)?
0
Let o(f) = 8*f + 15 + 5*f + 2*f**2 + 11*f + 7. Let g be o(-22). Suppose -11*a = -1023 - g. What is the units digit of a?
5
Let u(w) = w**2 + 6*w - 6. Let a be u(-9). Let i = a - -19. What is the units digit of ((-60)/i)/(3/(-44))?
2
Suppose -3 = -k - 0*k. Suppose -4*o = 5*s - 998, -k*s + 3*o = -0*o - 615. What is the units digit of s?
2
Let g(m) = 13*m**2 + 5*m + 3. Let u be g(-6). Let c(h) = -154*h - 159. Let l be c(-3). Let a = u - l. What is the hundreds digit of a?
1
Suppose i = 4*k + 749, 0 = -5*k + 5 - 30. Suppose -2*q - 5*s + 0*s + 297 = 0, i = 5*q - s. Let r = q + -98. What is the tens digit of r?
4
Let f(q) = 5*q**3 - 3*q**2 + 9*q + 1. Let o(l) = 3*l**3 - l**2 + l - 1. Let s(w) = -f(w) + 3*o(w). What is the tens digit of s(3)?
8
Suppose 5*r = -4*q + 29187, -4*r - 12874 = -5*q + 23620. What is the thousands digit of q?
7
Let i(n) = 14*n**2 + 37*n - 583. What is the thousands digit of i(35)?
7
Let k(b) = 312*b + 411. What is the thousands digit of k(50)?
6
Suppose -5*u = 4*y - 18, 2*y + 1 = -3*u + 11. Let l(v) = 60*v**3 - 5*v**2 - 5*v + 15. What is the tens digit of l(y)?
6
Let l be -1*(6/3 - 1)*-280. Let p = -79 + l. Let y = -80 + p. What is the hundreds digit of y?
1
Let a be ((-4)/6)/((-304)/(-9576)). Suppose 2*b = 66 + 88. Let w = b + a. What is the units digit of w?
6
Suppose 9*w - 221 = -599. What is the hundreds digit of 6904/12*w/(-28)?
8
Suppose 38988829 = 621*h - 13431023. What is the hundreds digit of h?
4
Let u be 332 - 42/7 - 6. Suppose -10*p + u = -10. What is the tens digit of p?
3
Let w(a) = -9*a**2 + 14*a**2 + 13 - 51*a + 61*a. Suppose 1 = 2*o - o + 2*x, 4*x - 12 = 0. What is the tens digit of w(o)?
8
Let p = -2302 - -4869. Suppose 3*g - 3*s = 1926, -4*g - 11*s + p = -14*s. What is the units digit of g?
1
Let v(q) = 16*q**2 + 8*q + 208. Let l be v(-19). Suppose -2*b = 8, 2*o - 6*o = b - l. What is the hundreds digit of o?
4
Suppose j - 62 = 2*i, -2*i + 57 + 73 = 2*j. What is the units digit of (4 - 1) + 410 + j/(-8)?
5
Let d(i) = -3*i**2 + i + 2. Let r be d(2). Let t(s) = s**2 + 4*s - 8. Let j be t(r). Suppose 3*h + j = 300. What is the units digit of h?
2
Let c(b) be the third derivative of -b**5/24 - 3*b**4/2 + 7*b**3/6 - 3*b**2. Let o(n) be the first derivative of c(n). What is the units digit of o(-17)?
9
Let l = -50 + 56. Suppose 0*z - 127224 = l*z. What is the tens digit of z/(-99) + 2/(-11)?
1
Suppose 0 = -3*a + 5*a - 2*p - 52, -3*a + 84 = 3*p. Suppose -a*r + 7395 = 2*r. What is the hundreds digit of r?
2
Let s be (-3 + (-1 - -2))*-4. Let f(k) be the third derivative of 11*k**4/24 - 7*k**3/3 + k**2 - 47. What is the units digit of f(s)?
4
Suppose -3*a + 8*a + 15 = 0. Let b(l) = -25*l - 23. What is the tens digit of b(a)?
5
Suppose 30*l - 35847 = 9*l. What is the units digit of l?
7
Let k be ((-24)/15 + 2)/((-7)/70). Let x(t) = 18*t**2 + 4*t - 21. What is the tens digit of x(k)?
5
Suppose 7*g - 1229 + 242 = 0. Suppose 3144 = -g*o + 144*o. What is the hundreds digit of o?
0
What is the units digit of (-23 + 22)/(15/(-18) + 884093/1060962)?
1
Suppose -12*a + 87637 = -2*i - 142433, -4*i - 95872 = -5*a. What is the thousands digit of a?
9
Let n(a) = -12*a - 115. Let j be n(-10). Suppose j*y - 378 = k + 881, -3*y = 4*k - 760. What is the tens digit of y?
5
Let v(z) = 4*z**2 - 265*z + 525. What is the tens digit of v(86)?
1
Suppose 99*s + 95*s - 195*s + 54254 = 0. What is the units digit of s?
4
Let g = 15770 - 11313. What is the hundreds digit of g?
4
Let q(k) = k**2 + 33*k - 193. Suppose 33*h = 39*h - 186. What is the units digit of q(h)?
1
Let s(g) = 94*g**2 - 68*g - 226. What is the tens digit of s(-9)?
0
Let q(c) = -262*c - 7. Let y(o) = -260*o - 7. Let w(t) = 6*q(t) - 5*y(t). What is the tens digit of w(-2)?
3
Let x(r) = r**3 + 16*r**2 - 18*r - 27. Let c be x(-17). What is the units digit of (-4)/c + (-2319)/(-15)?
5
Suppose -12*w + 33846 = 14983 - 83593. What is the hundreds digit of w?
5
Let l be (1 - (0 + -1)*-3) + 6. Suppose -l*s - 1277 = -3*p, 4*s - 9*s = 2*p - 836. What is the tens digit of p?
2
Let m(r) = -r**2 - 16*r + 10. Let h be m(-12). Let l = 13 - -100. Let y = l - h. What is the units digit of y?
5
Let o be 154/14 + -1*7. Suppose -o = -2*h, 2192 = -5*k - 4*h + 9535. What is the units digit of k?
7
Suppose 0 = -31*o + 273484 + 63999 + 898022. What is the tens digit of o?
5
Let c(j) = j**2 - 14*j - 73. Let l be c(18). What is the hundreds digit of (0 - -1)*l*-3 + 155?
1
Suppose 0 = 49*v - 31*v - 108. Suppose 0 = -v*i + 430 + 1898. What is the tens digit of i?
8
Suppose -5*o = -9*o + 4*t + 628, 0 = o + 4*t - 167. Suppose -14*v -